ppose m - x = 2. Is m prime?
False
Let l(t) = 914*t**2 + 1. Let u be l(-1). Suppose -u = -5*z + 5*m, 0*m - 12 = -3*m. Is z a composite number?
True
Let n be ((-36)/(-8))/(4/((-320)/(-3))). Suppose 2*d - r = 237, -4*r + 6*r + n = d. Is d composite?
True
Let c = 50228 + -33557. Is c composite?
True
Let w(g) = -g**3 + 28*g**2 - 35*g - 23. Is w(26) composite?
False
Is -10 + 11 + (-654)/2*-2 a prime number?
False
Let c(q) = -4*q - 21. Let m be c(-6). Suppose f + 409 = d + m*f, -3*f - 404 = -d. Is d a composite number?
True
Let j = 30 + -27. Suppose -5*q + 675 = -0*q. Suppose j*p - q = 12. Is p composite?
True
Is (-525113)/(-11) - (-222)/(-407) a prime number?
True
Suppose -c = p + 2*c - 12, -31 = 2*p - 5*c. Let u = 0 - p. Suppose u*l - 2*l - 53 = 0. Is l prime?
True
Let b = -13826 - -30081. Is b prime?
False
Let i be 2*2 + (434 - -21). Suppose -2*n + 43 = -i. Suppose -b + n = 4*v, 534 = 5*b + 3*v - 721. Is b a composite number?
False
Let s = -434 + 625. Is s a composite number?
False
Suppose k - 135 = -25. Let o(g) = -9*g**2 + 7*g - 5*g + k*g**2 + 1. Is o(2) a prime number?
True
Let l(s) be the first derivative of 20*s**2 - 11*s - 10. Is l(7) prime?
True
Suppose 0 = 5*x + 2*t - 129441, 4*x - 103546 = -7*t + 2*t. Is x composite?
False
Let k be 20/25*5/1. Suppose k*n = n + 171. Is n composite?
True
Suppose 10*l = 5*l + 25. Suppose -l*z + 1264 = 479. Is z composite?
False
Let i(c) = -c**2 + 21*c + 16. Let l be i(19). Suppose -51*d + l*d = 249. Is d composite?
False
Suppose 3*u + 3*k = 32265, -18*k + 20*k - 32267 = -3*u. Is u a prime number?
False
Let x = -1214 + 1809. Suppose -2*k + 571 = -x. Is k a composite number?
True
Let d = -110 + 117. Suppose -d*a + 3*a + 11324 = 0. Is a composite?
True
Let o = 189 - 201. Let u(d) = -d + 1. Let r(h) = -2*h - 12. Let x(p) = -r(p) + 5*u(p). Is x(o) a prime number?
True
Let m = -21 - -23. Suppose -2*p - a + 2144 = 0, m*a - 357 = 4*p - 4653. Is p composite?
True
Suppose 5*h = -115 - 125. Let l = 191 - h. Is l a composite number?
False
Let d(y) = 9110*y**3 + y**2 - 3*y + 1. Is d(1) composite?
False
Suppose 2*a = -a + 12. Suppose 5*q = -2*s + 61, q - s - a*s = -4. Suppose -p - 5 = -q. Is p composite?
True
Suppose 3*n = 4*m + 8 + 12, m - 14 = -4*n. Suppose -3*f = -12, n*k + f + 4 = -4. Let u(z) = -28*z + 1. Is u(k) prime?
False
Let k = -4146 + 7517. Is k composite?
False
Let r = 9 + -13. Is (r/6)/(24/(-34956)) prime?
True
Suppose -3*n - 5*c - 4991 = 0, 2 - 12 = -2*c. Let t be (-10)/(-1) + (-13 - -10). Is n/(-14) + (-3)/t a composite number?
True
Let m(w) = 16*w**3 + w**2 + w - 1. Suppose 0 = 2*n - u - 3, 2*n - 3 - 2 = -u. Is m(n) composite?
True
Let l = 15365 + -9010. Suppose 0 = 12*u - 7*u - l. Is u a prime number?
False
Let i = 22393 - 10362. Is i composite?
True
Is ((-6)/(5 - 7))/((-6)/(-4306)) composite?
False
Suppose 9*b = 206060 - 54473. Is b prime?
True
Let s(k) = -16 + 5*k + 12 - 3*k**2 + 4*k**2. Is s(-10) a prime number?
False
Suppose 5*y - 226 = 859. Suppose -4*z = 3*a - y, 0*z + 94 = a - 3*z. Is a a prime number?
True
Let h = -10 - -13. Suppose -12 = h*n, 6*c = 3*c - 4*n - 13. Is 104*(-1 - -2) - c prime?
True
Is ((-2)/(-1))/(2/46) a composite number?
True
Let s(u) = 28*u + 1. Let f be s(4). Suppose -w + f = -152. Suppose w = 3*i - 1952. Is i a composite number?
False
Suppose 3*h - 4*y = -162, y + 3*y = 0. Let n be h/(-24) + 1/(-4). Suppose 0 = i - n*i + 209. Is i a composite number?
True
Suppose -3*o + 5*l = -110569, 4*l = -2*o + 6*l + 73714. Suppose 0 = 39*z - 33*z - o. Is z composite?
False
Let s = -35 + 38. Suppose 0*b - b = s*k - 984, k - 314 = -5*b. Is k prime?
False
Is (-1655)/3*495/(-275) composite?
True
Let m be 8/(-24) - 50/(-6). Suppose 0 = -4*l - 5*a, -m = -4*l + 2*a - 5*a. Suppose -2364 = -l*q + 4*s + 3371, -5775 = -5*q - 4*s. Is q prime?
True
Suppose -2*t - 3*h = h + 14, -2*h = -3*t - 61. Let p = t + 28. Suppose -b + p = -4. Is b a prime number?
False
Suppose 2*a + 34 = -3*l, 0 = -2*l + 5*a - 4*a - 25. Suppose -2*m - z - 2 = 0, -4*m - 12 = z - 3*z. Is (l/(-18))/(m/(-1905)) a composite number?
True
Suppose t - 1296 = 4*d - 3*d, 3*d + 15 = 0. Is t a composite number?
False
Suppose 7*v - 2358 = -5928. Let l be (-3)/6 - v/4. Is (l/4)/(3/12) a composite number?
False
Let u(x) = 2*x**2 - 9*x + 1. Suppose 12 = w + 5*b, -4*w + b = -3*b. Suppose -y = c - 3*c + 11, -c + 4 = -w*y. Is u(c) a composite number?
False
Suppose 7*m = 19 - 5. Suppose -y + 877 = -4*b, 0 = y + 3*b - m*b - 862. Is y composite?
True
Let o be (-556)/(-5)*8/(8/15). Suppose 3*c + 3*t - 2219 = -c, t - o = -3*c. Is c a prime number?
True
Let a be -768 - -4*(-6)/8. Let v = a - -1312. Is v a prime number?
True
Suppose 3*y + 6*y - 45 = 0. Suppose y*l = -r + 1350, 4*l + 0*l - 5*r = 1051. Is l a prime number?
True
Is 1622/8*(12/4 - -1) prime?
True
Let j(v) = -2840*v - 77. Is j(-6) a prime number?
True
Let l(w) = 3*w**2 + 24*w + 2. Let n be l(-8). Suppose n*a - 686 = 4*v, 5*a + 0*v = -3*v + 1741. Is a prime?
True
Suppose 3*o + p - 24 - 44 = 0, 4*o - 5*p - 116 = 0. Suppose -2*f = -12 - o. Let l = 40 - f. Is l composite?
True
Let a be 3*(-4 - 28/(-6)). Suppose -2*r - a*p - 56 = 0, 134 = -5*r - 4*p + p. Let k = r + 356. Is k prime?
True
Let n(w) = 8 - 10 + 2*w**2 + 4*w + 9. Let h = -10 + 15. Is n(h) a prime number?
False
Let i(k) = 31*k**3 + 8*k**2 - 10*k + 18. Is i(7) prime?
True
Suppose 0 = 5*x + 3*t + 41 + 15, -4*x = 5*t + 50. Let g = x - -10. Suppose 3*z = 2*r - 2287, g = 4*r - r - 4*z - 3433. Is r composite?
False
Let f be ((-2)/3)/((-16)/6936). Is f - (-6*1)/(-3) a prime number?
False
Let h(g) be the first derivative of -13*g**2/2 - 3*g + 3. Let n = -25 + 15. Is h(n) a composite number?
False
Let c be (-3)/(-2 + (-20)/(-16)). Suppose -a + 0*a = -c. Suppose 0*d + 844 = a*d. Is d a prime number?
True
Let x(i) = 13*i**2 - i + 1. Suppose 5*b - 4 - 1 = 0. Suppose o + 6 = b. Is x(o) composite?
False
Let p = -40 - 31. Let u = p + 74. Is u a composite number?
False
Let v be ((-14)/8)/(1/(-2056)). Suppose -v = -2*y + 2*l, -2*y + l + 3610 = 5*l. Is y a prime number?
True
Let r(t) = -t**3 + 3*t**2 + 11*t - 3. Let g be r(5). Suppose 5*f + 3365 = 5*y, 2*y - f - 1346 = -g*f. Is y a prime number?
True
Suppose 1 = -4*o + 9. Suppose 5*d + 18 = 4*f, -2*f + o = -d - 4. Suppose i - f*i + 3*z = -772, -2*z = 5*i - 3775. Is i prime?
True
Suppose 8 = 3*u - 1. Suppose -g - u = -128. Let x = g + -70. Is x prime?
False
Suppose -18*o = -15*o - 1563. Is o prime?
True
Suppose 0 = -3*t + 5*a + 2 - 22, -4*t + 3*a - 23 = 0. Is (-1327)/t - (-4)/(-10) a prime number?
False
Suppose -60985 = -3*b - 5*r - 6554, -4*b - 5*r + 72568 = 0. Is b prime?
False
Let f = -5 - -10. Suppose 5 + 25 = f*v. Suppose 228 = -2*d + v*d. Is d a composite number?
True
Suppose -2*f = 3*o - 12, -5*f + 2*o = -o - 9. Suppose 5*n - f*l - 1670 = 0, -5*n + 1630 = -0*l + 5*l. Is n composite?
False
Suppose -3*b - 4*c + 9583 = 3436, 4*b = -c + 8183. Is b a composite number?
True
Let j(x) = 12*x - 5. Let o be j(4). Suppose 5*k - 363 = -o. Suppose -318 + k = -2*r. Is r a composite number?
False
Suppose -r + 11 = -7. Let w = -14 + r. Suppose 4*x - 2*s = 3*x + 293, -w*x = 4*s - 1172. Is x composite?
False
Suppose -4*g = -13*v + 8*v + 12975, 4*g = -20. Is v a composite number?
False
Is 43389 + 11/(132/24) composite?
False
Let l(o) be the third derivative of -8*o**2 - 7/24*o**4 - 7/6*o**3 + 0*o + 0 + 1/30*o**5. Is l(-4) a prime number?
True
Let z = -3 - -6. Let p be (-1 + z)*(-5)/(-2). Suppose 0 = 3*j - g - 144, 2*j - p*g = 62 + 21. Is j composite?
True
Let u be 7/(35/(-10)) - -2. Suppose u = -2*y - 5*n + 179, -y + 0*n + 52 = -5*n. Is y prime?
False
Let q = 4228 + -2663. Is q a composite number?
True
Let l be (-4)/(-12) - 8/(-3). Suppose 660 = -k - l*k. Let d = k + 702. Is d composite?
True
Let x(g) be the first derivative of g**4/4 + 13*g**3/3 + 6*g**2 - 10*g + 4. Let s be x(-12). Is (745/s)/(1/(-2)) composite?
False
Suppose 4*m = 2*m - 5*j - 11, -m + 5 = -j. Suppose -7*a = -m*a - 1820. Suppose -a = -3*d - d. Is d composite?
True
Suppose 5*x - 20 = 0, -3*t = -4*t + 3*x - 19. Is 28/98 - 1405/t a composite number?
True
Let w(y) = -16*y + 9*y + y + 10*y - 19. Is w(21) composite?
True
Let v = -5700 + 9133. Is v a prime number?
True
Suppose -t + 5*x = -2108, -3*x + 8 - 11 = 0. Is t composite?
True
Suppose -2*f = -